{"id":89,"date":"2022-03-18T10:47:25","date_gmt":"2022-03-18T09:47:25","guid":{"rendered":"https:\/\/geomatik.com.pl\/?page_id=89"},"modified":"2022-03-18T17:41:11","modified_gmt":"2022-03-18T16:41:11","slug":"kontakt","status":"publish","type":"page","link":"https:\/\/geomatik.com.pl\/index.php\/kontakt\/","title":{"rendered":"Kontakt"},"content":{"rendered":"\t\t<div data-elementor-type=\"wp-page\" data-elementor-id=\"89\" class=\"elementor elementor-89\">\n\t\t\t\t\t\t<section class=\"elementor-section elementor-top-section elementor-element elementor-element-1d008ef5 elementor-section-boxed elementor-section-height-default elementor-section-height-default\" data-id=\"1d008ef5\" data-element_type=\"section\" data-e-type=\"section\">\n\t\t\t\t\t\t<div class=\"elementor-container elementor-column-gap-default\">\n\t\t\t\t\t<div class=\"elementor-column elementor-col-100 elementor-top-column elementor-element elementor-element-67ffbc36\" data-id=\"67ffbc36\" data-element_type=\"column\" data-e-type=\"column\">\n\t\t\t<div class=\"elementor-widget-wrap elementor-element-populated\">\n\t\t\t\t\t\t<div class=\"elementor-element elementor-element-240f5225 elementor-widget elementor-widget-text-editor\" data-id=\"240f5225\" data-element_type=\"widget\" data-e-type=\"widget\" data-widget_type=\"text-editor.default\">\n\t\t\t\t<div class=\"elementor-widget-container\">\n\t\t\t\t\t\t\t\t\t\n<p>MASZ PYTANIA?<\/p>\n\n<h2 class=\"wp-block-heading\">Skontaktuj si\u0119 z nami<\/h2>\n\n<p><a href=\"tel:+48501031700\">+48 501 031 700<\/a><\/p>\n\n<p><a href=\"mailto:biuro@geomatik.com.pl\">biuro@gematik.com.pl<\/a><\/p>\n\n<p>Dane firmowe:<\/p>\n\n<p>GEOMATIK Us\u0142ugi Geodezyjne Marcin Waluk<br \/>ul. \u015awitycz -Widackiej 12\/24<br \/>10-691 Olsztyn<\/p>\n\n<p>NIP 739-362-55-15<br \/>Regon 362775290<\/p>\n\t\t\t\t\t\t\t\t<\/div>\n\t\t\t\t<\/div>\n\t\t\t\t\t<\/div>\n\t\t<\/div>\n\t\t\t\t\t<\/div>\n\t\t<\/section>\n\t\t\t\t<section class=\"elementor-section elementor-top-section elementor-element elementor-element-cd45b86 elementor-section-boxed elementor-section-height-default elementor-section-height-default\" data-id=\"cd45b86\" data-element_type=\"section\" data-e-type=\"section\" data-settings=\"{&quot;background_background&quot;:&quot;classic&quot;}\">\n\t\t\t\t\t\t<div class=\"elementor-container elementor-column-gap-default\">\n\t\t\t\t\t<article class=\"elementor-column elementor-col-100 elementor-top-column elementor-element elementor-element-9cf2990\" data-id=\"9cf2990\" data-element_type=\"column\" data-e-type=\"column\">\n\t\t\t<div class=\"elementor-widget-wrap elementor-element-populated\">\n\t\t\t\t\t\t<div class=\"elementor-element elementor-element-8e34fbb elementor-widget elementor-widget-google_maps\" data-id=\"8e34fbb\" data-element_type=\"widget\" data-e-type=\"widget\" data-widget_type=\"google_maps.default\">\n\t\t\t\t<div class=\"elementor-widget-container\">\n\t\t\t\t\t\t\t<div class=\"elementor-custom-embed\">\n\t\t\t<iframe loading=\"lazy\"\n\t\t\t\t\tsrc=\"https:\/\/maps.google.com\/maps?q=53.739346%2C%2020.511447&#038;t=m&#038;z=16&#038;output=embed&#038;iwloc=near\"\n\t\t\t\t\ttitle=\"53.739346, 20.511447\"\n\t\t\t\t\taria-label=\"53.739346, 20.511447\"\n\t\t\t><\/iframe>\n\t\t<\/div>\n\t\t\t\t\t\t<\/div>\n\t\t\t\t<\/div>\n\t\t\t\t\t<\/div>\n\t\t<\/article>\n\t\t\t\t\t<\/div>\n\t\t<\/section>\n\t\t\t\t<\/div>\n\t\t","protected":false},"excerpt":{"rendered":"<p>MASZ PYTANIA? Skontaktuj si\u0119 z nami +48 501 031 700 biuro@gematik.com.pl Dane firmowe: GEOMATIK Us\u0142ugi Geodezyjne Marcin Walukul. \u015awitycz -Widackiej 12\/2410-691 Olsztyn NIP 739-362-55-15Regon 362775290<\/p>\n","protected":false},"author":1,"featured_media":0,"parent":0,"menu_order":0,"comment_status":"closed","ping_status":"closed","template":"","meta":{"footnotes":""},"class_list":["post-89","page","type-page","status-publish","hentry"],"_links":{"self":[{"href":"https:\/\/geomatik.com.pl\/index.php\/wp-json\/wp\/v2\/pages\/89","targetHints":{"allow":["GET"]}}],"collection":[{"href":"https:\/\/geomatik.com.pl\/index.php\/wp-json\/wp\/v2\/pages"}],"about":[{"href":"https:\/\/geomatik.com.pl\/index.php\/wp-json\/wp\/v2\/types\/page"}],"author":[{"embeddable":true,"href":"https:\/\/geomatik.com.pl\/index.php\/wp-json\/wp\/v2\/users\/1"}],"replies":[{"embeddable":true,"href":"https:\/\/geomatik.com.pl\/index.php\/wp-json\/wp\/v2\/comments?post=89"}],"version-history":[{"count":17,"href":"https:\/\/geomatik.com.pl\/index.php\/wp-json\/wp\/v2\/pages\/89\/revisions"}],"predecessor-version":[{"id":108,"href":"https:\/\/geomatik.com.pl\/index.php\/wp-json\/wp\/v2\/pages\/89\/revisions\/108"}],"wp:attachment":[{"href":"https:\/\/geomatik.com.pl\/index.php\/wp-json\/wp\/v2\/media?parent=89"}],"curies":[{"name":"wp","href":"https:\/\/api.w.org\/{rel}","templated":true}]}}